s -236 + -36572?
-36818
In base 2, what is 10011 - -10011100000001111001010?
10011100000001111011101
In base 8, what is 226201345 - -4?
226201351
In base 7, what is 1344 - 4250656?
-4246312
In base 7, what is 1 + -550104366?
-550104365
In base 7, what is -120150253 + 23?
-120150230
In base 4, what is -2330 - 22312322?
-22321312
In base 8, what is -34 - -225723?
225667
In base 5, what is 2320130 + 2134?
2322314
In base 7, what is -1 - -2552533402?
2552533401
In base 6, what is -244223520 + -1?
-244223521
In base 15, what is -4 - -2a048c1?
2a048bc
In base 9, what is 7 - 3114655?
-3114647
In base 2, what is 10 - -111000101100000111011?
111000101100000111101
In base 11, what is 1a + 68817?
68836
In base 15, what is 16d164c - -4?
16d1651
In base 8, what is 21627150 + 114?
21627264
In base 12, what is -433 + 4a599?
4a166
In base 8, what is -205 + -44542?
-44747
In base 15, what is 3e + 1429964?
14299a3
In base 2, what is -100101000010111011110100 - -100?
-100101000010111011110000
In base 2, what is 111111011000100011101100 - 11?
111111011000100011101001
In base 5, what is 1420103 + -13420?
1401133
In base 15, what is -2b85c - -1?
-2b85b
In base 2, what is -111110110011001 + -10111101010111?
-1010110011110000
In base 5, what is 1010340033 - 4?
1010340024
In base 11, what is -2 + 4192a46?
4192a44
In base 6, what is -1555 - 5345?
-11344
In base 11, what is 41 + -284481?
-284440
In base 3, what is -2 + 11201100220010102?
11201100220010100
In base 8, what is 5311641 - -114?
5311755
In base 11, what is -1a988 - -61?
-1a927
In base 10, what is -25 + 217580?
217555
In base 12, what is -421227 + -5?
-421230
In base 13, what is -104b + -71b9?
-8237
In base 12, what is 997 + -14b203?
-14a428
In base 9, what is -32348322 + -1?
-32348323
In base 16, what is -1 - -48877f?
48877e
In base 10, what is 14201 - -335?
14536
In base 16, what is 12dc03f - 2?
12dc03d
In base 5, what is -1010142 - 102132?
-1112324
In base 4, what is -3122101 - 223220?
-10011321
In base 15, what is 255e8b5 + -12?
255e8a3
In base 10, what is 0 + -4380759?
-4380759
In base 10, what is 14 + 17320133?
17320147
In base 8, what is -652 + 25464?
24612
In base 5, what is -2112 + -101233043?
-101240210
In base 14, what is 4690 + -508?
4186
In base 2, what is 1001011000100111000001100 + 100?
1001011000100111000010000
In base 7, what is 2010 - -136314?
141324
In base 4, what is 1012222233233 + 13?
1012222233312
In base 7, what is 1611521233 + 0?
1611521233
In base 6, what is 15232115 - 12?
15232103
In base 2, what is 11 - -1010101111011100110001?
1010101111011100110100
In base 5, what is 134 - -120212212?
120212401
In base 14, what is 36c4 - 9c7?
2adb
In base 5, what is -213330 - -1134132?
420302
In base 14, what is -43b9196 + 2?
-43b9194
In base 12, what is 9896aa64 + -5?
9896aa5b
In base 11, what is 7095a0 - 31?
70956a
In base 10, what is 28 - -626989?
627017
In base 12, what is -2665940 + 3?
-2665939
In base 16, what is 4 - 92ae8d?
-92ae89
In base 6, what is -123322121 + -421?
-123322542
In base 12, what is 3 - -132946a?
1329471
In base 11, what is -14861 - 34959?
-4970a
In base 8, what is 6 + -62277?
-62271
In base 16, what is 1224 + -10e04?
-fbe0
In base 8, what is -4 + -6436525?
-6436531
In base 3, what is 20200 + 2222102211201?
2222110002101
In base 8, what is 3034 - 674700?
-671644
In base 13, what is 23a - a3b6?
-a179
In base 11, what is 217a65 - 211?
217854
In base 6, what is 0 + 200455532?
200455532
In base 2, what is -11010111111101 - 10111000111001?
-110010000110110
In base 3, what is 0 - -101111220021010?
101111220021010
In base 16, what is -31f15 - -a8?
-31e6d
In base 4, what is 210302 + -302101110?
-301230202
In base 16, what is 303f + -df?
2f60
In base 7, what is 54131204 + -14?
54131160
In base 10, what is -10 - 171484?
-171494
In base 14, what is 428 - 27812?
-273c8
In base 14, what is 1bb7 + -1b5d?
58
In base 11, what is -544 - a537?
-aa80
In base 11, what is 23a5608 + -9a?
23a5519
In base 16, what is -a2 + 5392?
52f0
In base 10, what is 4 + 176701?
176705
In base 15, what is -3 - a3b01eb?
-a3b01ee
In base 2, what is 101111110100 + -11110111010?
10000111010
In base 12, what is 53303 - b5a?
52365
In base 6, what is 22 + -133524543?
-133524521
In base 9, what is -1110483 - 3073?
-1113566
In base 2, what is -1111101110001110000 + -10111001000?
-1111110001000111000
In base 2, what is 100 + 1000011101100100011101000?
1000011101100100011101100
In base 11, what is -8326743 - -5?
-8326739
In base 16, what is -2 + 64125d7?
64125d5
In base 4, what is -11 - 202030301331?
-202030302002
In base 5, what is 0 - 10032041221?
-10032041221
In base 15, what is -3ee - 8a3d2?
-8a7d1
In base 9, what is -48345 + 412?
-47833
In base 6, what is 150 - 110510204?
-110510014
In base 3, what is 12020112101 + 22?
12020112200
In base 15, what is -2c3b70 + -4?
-2c3b74
In base 16, what is -450 - 8715?
-8b65
In base 15, what is 37dac6 - -2?
37dac8
In base 11, what is -1319 + -46a3?
-5a11
In base 8, what is -3541 + 1625?
-1714
In base 15, what is -ae3e - -2ce?
-ab60
In base 8, what is 2 - -46422127?
46422131
In base 13, what is 42 - 48b44?
-48b02
In base 13, what is -cc - 21263?
-21362
In base 9, what is -6580 + -7727?
-15417
In base 14, what is 1012c2 + 5a1?
101883
In base 9, what is 367 + -31831?
-31453
In base 10, what is -25 - 79214?
-79239
In base 10, what is -95766081 - -8?
-95766073
In base 6, what is -11 - -1203133340?
1203133325
In base 16, what is -13b - 29393?
-294ce
In base 6, what is -132 + 4220332?
4220200
In base 14, what is 242310 - b?
242303
In base 7, what is -3421 + 143446?
140025
In base 15, what is -175 + ce6a?
cce5
In base 9, what is 12350133 + -5?
12350127
In base 8, what is -4671062 + -373?
-4671455
In base 5, what is 0 + 1312333214003?
1312333214003
In base 12, what is 1 + b001b92?
b001b93
In base 9, what is 204 + -656581?
-656376
In base 2, what is 1000 - -11110011111101?
11110100000101
In base 4, what is -202120202 + -3001?
-202123203
In base 8, what is -3 + 1130252251?
1130252246
In base 10, what is 6340168 - -1?
6340169
In base 16, what is 3 + -c52f19?
-c52f16
In base 8, what is -7302773 + 1?
-7302772
In base 4, what is 1032322230113 - 0?
1032322230113
In base 7, what is 16006 + -22116?
-3110
In base 14, what is -7 + -2b36c19?
-2b36c22
In base 13, what is 1565687 - -3?
156568a
In base 14, what is -21a + 32b6d?
32953
In base 4, what is -101121222032 - -20?
-101121222012
In base 10, what is -79 - 4702027?
-4702106
In base 4, what is 221 + -331110201330?
-331110201103
In base 2, what is 1101011011100001010110 + 0?
1101011011100001010110
In base 9, what is -5138 + -48522?
-54661
In base 8, what is 1151163451 - 4?
1151163445
In base 11, what is 3 + -8220721?
-8220719
In base 13, what is -a9576 - -176?
-a9400
In base 6, what is -140433 + 242?
-140151
In base 4, what is 2113 + -2111211012?
-2111202233
In base 7, what is -2 - 156115636?
-156115641
In base 6, what is -1014411 - -12431?
-1001540
In base 7, what is 15330355 - 43?
15330312
In base 9, what is 1240485 + -75?
1240410
In base 16, what is -1a - 8bba5?
-8bbbf
In base 12, what is 21 - -1b4974?
1b4995
In base 9, what is 0 + 4776854?
4776854
In base 12, what is -3 - -180b0b?
180b08
In base 10, what is 4 - -76379481?
76379485
In base 8, what is 5 - -23322142?
23322147
In base 5, what is -133 - -213003133?
213003000
In base 7, what is -4 - 556043102?
-556043106
In base 15, what is 33 + -15574dc?
-15574a9
In base 3, what is -2100110012 + -2220000?
-2110100012
In base 7, what is -44614 + 63523?
15606
In base 4, what is 11 + -2203031310211?
-2203031310200
In base 14, what is 4 + b51849?
b5184d
In base 13, what is -1a935 - -1a5?
-1a760
In base 16, what is -4b0a1cc + 4?
-4b0a1c8
In base 7, what is 123112 + -2245?
120534
In base 14, what is 1b4d - dcd2?
-c183
In base 3, what is -2 + -20111122202121112?
-20111122202121121
In base 14, what is 406c + -13b?
3d31
In base 12, what is -1139 - 213a?
-3277
In base 5, what is -210432 + -2022?
-213004
In base 8, what is 751136 + -530?
750406
In base 8, what is 45035 + -375?
44440
In base 13, what is -6 + 105338?
105332
In base 3, what is -121121 - -1001112120?
1000220222
In base 13, what is 657b32 - -94?
657bc6
In base 6, what is -14 + -50242022?
-50242040
In base 6, what is 122 + -22500?
-22334
In base 6